9 - q. Is t a prime number?
True
Let c be 629/((-2 - (-1 + -2))/1). Suppose 249 + 605 = 4*u + 5*r, -3*u + c = -2*r. Is u a prime number?
True
Let p = -230420 + 729699. Is p composite?
True
Let g = 208 + -203. Suppose 0 = g*r - 6*r + 5*l + 3048, 5*r = -4*l + 15385. Is r prime?
False
Let s = 8427 - -6212. Is s prime?
True
Is (-11 - -4*4720)/1 composite?
False
Is (-2)/(16/(-619448) + 0) a prime number?
True
Let y be ((-3)/3 + 1)*(1 - 0). Is 7904 + (-16 - -15) + (0 - y) prime?
False
Let c be (-17)/(((-1 + 0)*-1)/(-1)). Suppose -148 = -c*r + 481. Is r prime?
True
Let i be 6 - (-6 - (5 + -12)). Suppose 0 = -4*n + 2*m + 3158, 0 = -n + 4*n - i*m - 2372. Is n composite?
True
Suppose -d = -3*d + d. Let j(v) = v**2 - v + 731. Let u be j(d). Let h = u - 417. Is h a prime number?
False
Suppose 13*i - 28178 = 24199. Let b = 10618 - i. Is b a composite number?
True
Let y(z) = 10047*z**2 - 13*z + 2. Let l(k) = 5023*k**2 - 6*k + 1. Let d(g) = 7*l(g) - 3*y(g). Let f be d(1). Suppose -2*x - 1552 + f = 0. Is x prime?
True
Let w be ((-16)/6)/(-4 - 10/(-3)). Suppose 2*u = -0*u + r + 85, 3*u + 2*r = 145. Suppose -241 = -3*k + w*p, -2*k - 2*p - u = -201. Is k a composite number?
False
Let i = -36513 + 85448. Is i prime?
False
Let j(m) = m**2 + 2*m - 5. Suppose 4*b + 56 = q + 2*q, -q + b = -17. Is j(q) prime?
True
Suppose -2*i = -5*b + 6*b - 2859, 5*b - 2*i - 14319 = 0. Is b + (14/7 - -2) composite?
True
Suppose -9 = -2*l - 1. Suppose -3*b + 630 + 1177 = 4*c, 3*c = -5*b + 1347. Suppose v = -l*h + 169, -2*v = 3*h + 126 - c. Is v prime?
False
Let l(h) = h**3 - 53*h**2 - 53*h - 45. Let w be l(54). Suppose 4*i - w*i - 15287 = -2*d, 0 = 2*i + 10. Is d a prime number?
False
Suppose 6*m - 30 + 36 = 0. Is -3*m/(-8) - (-31638)/16 a composite number?
True
Let c be 2*2 - (-15 + 13). Let o(s) = 12*s**2 - 15*s. Let g be o(c). Let y = 553 - g. Is y a composite number?
False
Suppose -835*f + 46899 = w - 831*f, -46887 = -w + 2*f. Is w a composite number?
True
Let h(y) = 21703*y**3 + y**2 - 5*y + 6. Let z be h(2). Suppose 18*w - z = 40666. Is w a prime number?
False
Suppose b + 4*f + 0*f = 20, 20 = 2*b + 3*f. Suppose b*r - 30 = -r. Is (r - 2)*(-1042)/(-8) composite?
False
Let h = -103368 + 217399. Is h a composite number?
False
Is (20/(440/(-4906)))/((-1)/599) prime?
False
Suppose 7*h + 20 = 11*h. Suppose 5*w + 9 = -5*n + 99, -5*n - 50 = -h*w. Suppose -w*i + 11*i + 17007 = 0. Is i a composite number?
False
Suppose -2*u + 3*k = -3514, -2*k = 4*u - 4181 - 2847. Let g = u + -654. Let x = -730 + g. Is x a prime number?
True
Let o be 9 - 112/8 - (-8)/2. Let h(r) = 939*r**2 + 2*r + 4. Is h(o) prime?
True
Suppose -5*x = 25, -c - 2*x = -899 - 1316. Let p = c + -1234. Is p composite?
False
Is 560/320 + (-190005)/(-4) composite?
True
Let h = 647170 - 450597. Is h composite?
True
Let y = 7263 + 1131. Suppose -4*i = 5*x - 16785, 3*i - i + 4*x = y. Is i composite?
True
Suppose c - i - 96436 - 625174 = 0, 3*c - 5*i - 2164824 = 0. Is c a prime number?
True
Let r(x) be the second derivative of -x**5/20 - x**4/6 + 11*x**3 + 7*x**2 + 302*x. Is r(-15) composite?
False
Suppose 0 = 13*m - 18*m + 800415. Suppose 21*v - m = 40950. Is v a composite number?
True
Let t(q) = -2737*q - 277. Is t(-24) prime?
False
Let h(s) = 0 - 6 + 173*s + 1. Is h(8) composite?
True
Suppose 209*z - 9751983 = 11300378. Is z composite?
True
Let d = -101 - -89. Let m = d - -16. Suppose 4*w - 2124 = -3*o - 727, 3*w - 1053 = -m*o. Is w prime?
True
Suppose -13 = 4*h - 153. Let k = h + -30. Suppose -7 = -4*t + 9, -k*u = -2*t - 387. Is u composite?
False
Suppose -16*b + 102 = b. Is (-3)/((-6)/48*b) - -2842 composite?
True
Let c be (-1)/(3/((-6)/1)). Suppose -3*j + c*z + 6475 = 0, -2*j + 5*z + 4342 = 10*z. Is j composite?
False
Suppose -51280 = 248*j - 253*j. Suppose -7*m + j = m. Is m a prime number?
False
Suppose -4*w = -i - 6*w, -5*i + 3*w + 52 = 0. Let j(u) = 4*u**3 + 19*u**2 - 5*u + 27. Is j(i) composite?
False
Is (-19702)/3*1116/(-744) prime?
True
Let l be (-4 + (5 - 2))*-3. Suppose l*w - 8*w = -4025. Suppose 1590 + w = 5*d. Is d a composite number?
False
Let d(l) = -144*l - 11. Suppose -3*w = f + 19, 5*f - 7*w = -12*w - 85. Is d(f) prime?
True
Suppose -3211 = -44*h + 31*h. Suppose -h*x + 238*x = -121941. Is x a prime number?
False
Let i(j) = -4449*j + 25. Let h = 198 - 200. Is i(h) composite?
False
Let d(m) = -m**3 + 30*m**2 - 2*m + 62. Let b be d(30). Suppose 4*j + 5*a = 6177, -7711 = b*j - 7*j + 4*a. Is j a composite number?
False
Suppose 9*x - 59861 = 1060. Is x a composite number?
True
Suppose 6*v - v = 0. Let z be (v - -4) + 52/(-1). Let w = -38 - z. Is w a prime number?
False
Let f(b) be the third derivative of 259*b**6/60 + b**5/20 - b**4/12 - b**3/6 + 170*b**2. Is f(2) a prime number?
False
Suppose -2*l - 5*a + 546891 = 0, 0 = l + 2*a - 314646 + 41201. Is l a composite number?
True
Let d be 0 + (12 + -3)/(-3). Let z = 8 + d. Suppose -z*i - 1009 = -2904. Is i a prime number?
True
Let x = 92 + -92. Let t be x - 12/(-3)*1. Suppose -d + 3451 = w, -5*w + 17241 = -t*d + 2*d. Is w a prime number?
True
Let l = 7470 + 319. Is l a composite number?
False
Suppose 15046 = 6*p - 48116. Suppose -a = -p - 3842. Is a composite?
False
Let j = -63 - -74. Suppose 1022 = 3*n + j*n. Suppose -2*w + 267 = n. Is w a prime number?
True
Suppose 8*j = 105419 + 244685. Is j a prime number?
False
Suppose -59068*a - 4259213 = -59075*a. Is a composite?
False
Let l be -3 + (-10)/4*(4 + -6). Suppose 0*x = -2*x + l, 4*t = -3*x + 19. Suppose 2*z = -6*o + o + 3203, t*o = -2*z + 2562. Is o a composite number?
False
Suppose -7*h + 10*h + 2766 = 0. Let y = -936 - -2229. Let o = y + h. Is o a prime number?
False
Let z(h) = -h**3 + 105*h**2 - 90*h - 765. Is z(91) prime?
True
Suppose -3*u + 3*m = 0, 0*m + 6 = u + 2*m. Let b(o) = 32*o**2 + 6*o - 58*o**2 - 25 + 27*o**u - 11. Is b(13) a prime number?
True
Let w(r) be the first derivative of -7*r**4/2 + 4*r**3/3 - 7*r**2/2 - 29*r + 109. Is w(-6) a prime number?
True
Suppose 211*z + 4*y = 206*z + 2943, -4*z + 2344 = -2*y. Is z a composite number?
False
Let i(v) = -4*v - 6. Let n be i(-2). Let w(j) = j**2 - j + 1. Let b be w(n). Suppose 3*d + 0*d = -b*g + 1638, 4*g - 2224 = 4*d. Is g a composite number?
True
Let v = -2038474 - -3527915. Is v composite?
False
Let w be 1*-263*5/10*22. Let s = -108 - w. Is s a prime number?
False
Let j be (1 + 56/21)/((-5)/60). Is (-4)/(128/1304)*j a prime number?
False
Suppose 15*p = 1681142 + 1022173. Is p a prime number?
True
Suppose 175*w + 158*w - 125416944 = -99*w. Is w prime?
True
Let d(f) be the second derivative of -f**3/6 + 14*f. Let s(v) = 227*v - 11. Let p(w) = -5*d(w) + s(w). Is p(6) prime?
True
Is ((-1)/1)/(8/(-786392)) - 24/(-4) prime?
False
Suppose -k = -41576 - 7840 - 143333. Is k composite?
False
Suppose -23*y + 8118 = -20*y. Suppose -y = -m - 5*b + 328, -2*m - b + 6041 = 0. Is m a prime number?
True
Let z(g) = 73*g**3 - 6*g**2 - 3*g - 55. Is z(6) a composite number?
True
Let s(a) = -a**2 - 14*a - 33. Let m be s(-12). Let b(q) = -331*q - 50. Is b(m) composite?
True
Let r be ((-2)/(-4)*-5 - -4)*2866. Suppose 9*d - r = 4107. Is d prime?
False
Suppose 13*s + 18729 = 16*s. Suppose -3*g - 3741 = -3*u, -5*u + 0*g = -g - s. Is u a composite number?
False
Let p(c) be the first derivative of -c**2/2 + 3641*c - 77. Is p(0) a composite number?
True
Let w(p) be the first derivative of 5*p**4/4 - 4*p**3/3 - 5*p**2 + 64*p + 173. Is w(9) a prime number?
False
Suppose 153*y - 9682619 = -3141854 + 19625754. Is y a composite number?
False
Let r = 221950 - 83137. Is r a composite number?
True
Suppose 31*m - 8 = 27*m. Suppose -5*k + m*w - 2759 = -18872, 3*k = -3*w + 9651. Is k a composite number?
False
Let a(z) = 849*z**2 + 130*z - 835. Is a(34) a prime number?
False
Suppose 2*u = -u + v - 45592, 3*v = -4*u - 60772. Let r = u - -32847. Is r composite?
True
Suppose -752*s = -755*s - 4*f + 137195, -2*s + 91462 = 3*f. Is s prime?
True
Let z(j) = j + 16. Let l be z(0). Suppose -276 = -33*h + 29*h. Let w = l + h. Is w composite?
True
Suppose -4*m - 1575 = -6903. Suppose 2*u - m - 382 = 0. Suppose 4*j - p - u = 2*p, -4*j + 4*p = -856. Is j prime?
False
Let u(b) = b**3 + 8*b**2 - 12*b - 24. Let r be u(-9). Is r/12 - ((-18732)/16)/1 prime?
True
Suppose -2*t = 3 + 7, t = 3*p - 414494. Is p prime